{"id":433,"date":"2021-09-01T16:43:55","date_gmt":"2021-09-01T19:43:55","guid":{"rendered":"https:\/\/planejarservicos.com.br\/?page_id=433"},"modified":"2024-05-23T16:48:22","modified_gmt":"2024-05-23T19:48:22","slug":"emissao-de-contracheque","status":"publish","type":"page","link":"https:\/\/planejarservicos.com.br\/index.php\/emissao-de-contracheque\/","title":{"rendered":"Emiss\u00e3o de contracheque"},"content":{"rendered":"\t\t<div data-elementor-type=\"wp-page\" data-elementor-id=\"433\" class=\"elementor elementor-433\">\n\t\t\t\t\t\t\t\t\t<section class=\"elementor-section elementor-top-section elementor-element elementor-element-e4c6a92 elementor-section-boxed elementor-section-height-default elementor-section-height-default\" data-id=\"e4c6a92\" data-element_type=\"section\">\n\t\t\t\t\t\t<div class=\"elementor-container elementor-column-gap-default\">\n\t\t\t\t\t<div class=\"elementor-column elementor-col-100 elementor-top-column elementor-element elementor-element-7104bff\" data-id=\"7104bff\" data-element_type=\"column\">\n\t\t\t<div class=\"elementor-widget-wrap elementor-element-populated\">\n\t\t\t\t\t\t\t\t<div class=\"elementor-element elementor-element-d3815c9 elementor-widget elementor-widget-heading\" data-id=\"d3815c9\" data-element_type=\"widget\" data-widget_type=\"heading.default\">\n\t\t\t\t<div class=\"elementor-widget-container\">\n\t\t\t<style>\/*! elementor - v3.6.0 - 21-03-2022 *\/\n.elementor-heading-title{padding:0;margin:0;line-height:1}.elementor-widget-heading .elementor-heading-title[class*=elementor-size-]>a{color:inherit;font-size:inherit;line-height:inherit}.elementor-widget-heading .elementor-heading-title.elementor-size-small{font-size:15px}.elementor-widget-heading .elementor-heading-title.elementor-size-medium{font-size:19px}.elementor-widget-heading .elementor-heading-title.elementor-size-large{font-size:29px}.elementor-widget-heading .elementor-heading-title.elementor-size-xl{font-size:39px}.elementor-widget-heading .elementor-heading-title.elementor-size-xxl{font-size:59px}<\/style><h2 class=\"elementor-heading-title elementor-size-default\">Emiss\u00e3o de contracheques<\/h2>\t\t<\/div>\n\t\t\t\t<\/div>\n\t\t\t\t<div class=\"elementor-element elementor-element-26a6c8f elementor-align-center elementor-widget elementor-widget-button\" data-id=\"26a6c8f\" data-element_type=\"widget\" data-widget_type=\"button.default\">\n\t\t\t\t<div class=\"elementor-widget-container\">\n\t\t\t\t\t<div class=\"elementor-button-wrapper\">\n\t\t\t<a href=\"https:\/\/sistemasplanejar.com.br\/contracheques\" target=\"_blank\" class=\"elementor-button-link elementor-button elementor-size-sm\" role=\"button\">\n\t\t\t\t\t\t<span class=\"elementor-button-content-wrapper\">\n\t\t\t\t\t\t\t<span class=\"elementor-button-icon elementor-align-icon-left\">\n\t\t\t\t<i aria-hidden=\"true\" class=\"far fa-file-alt\"><\/i>\t\t\t<\/span>\n\t\t\t\t\t\t<span class=\"elementor-button-text\">ACESSAR O SISTEMA<\/span>\n\t\t<\/span>\n\t\t\t\t\t<\/a>\n\t\t<\/div>\n\t\t\t\t<\/div>\n\t\t\t\t<\/div>\n\t\t\t\t<div class=\"elementor-element elementor-element-195c735 elementor-widget elementor-widget-text-editor\" data-id=\"195c735\" data-element_type=\"widget\" data-widget_type=\"text-editor.default\">\n\t\t\t\t<div class=\"elementor-widget-container\">\n\t\t\t<style>\/*! elementor - v3.6.0 - 21-03-2022 *\/\n.elementor-widget-text-editor.elementor-drop-cap-view-stacked .elementor-drop-cap{background-color:#818a91;color:#fff}.elementor-widget-text-editor.elementor-drop-cap-view-framed .elementor-drop-cap{color:#818a91;border:3px solid;background-color:transparent}.elementor-widget-text-editor:not(.elementor-drop-cap-view-default) .elementor-drop-cap{margin-top:8px}.elementor-widget-text-editor:not(.elementor-drop-cap-view-default) .elementor-drop-cap-letter{width:1em;height:1em}.elementor-widget-text-editor .elementor-drop-cap{float:left;text-align:center;line-height:1;font-size:50px}.elementor-widget-text-editor .elementor-drop-cap-letter{display:inline-block}<\/style>\t\t\t\t<center>Caro colaborador, para consultar seu contracheque, voc\u00ea dever\u00e1 inserir o n\u00famero da sua matr\u00edcula no campo login, CPF no campo senha.\u00a0<span style=\"font-style: inherit; font-weight: inherit; color: var( --e-global-color-text ); font-family: var( --e-global-typography-text-font-family ), Sans-serif;\">O n\u00famero da sua matr\u00edcula pode ser encontrado em seu crach\u00e1, na sua folha \/ registro de ponto ou com seu supervisor.<\/span><\/center><p><br \/>Exemplo:<\/p><p><strong>Login:<\/strong> 6955585 |\u00a0<span style=\"font-style: inherit; font-weight: inherit; color: var( --e-global-color-text ); font-family: var( --e-global-typography-text-font-family ), Sans-serif;\"><strong>Senha:<\/strong> 11226532698<\/span><\/p>\t\t\t\t\t\t<\/div>\n\t\t\t\t<\/div>\n\t\t\t\t<div class=\"elementor-element elementor-element-3b0293d elementor-widget elementor-widget-heading\" data-id=\"3b0293d\" data-element_type=\"widget\" data-widget_type=\"heading.default\">\n\t\t\t\t<div class=\"elementor-widget-container\">\n\t\t\t<h2 class=\"elementor-heading-title elementor-size-default\">Veja como acessar o contracheque<\/h2>\t\t<\/div>\n\t\t\t\t<\/div>\n\t\t\t\t<div class=\"elementor-element elementor-element-b6d70ce elementor-widget elementor-widget-shortcode\" data-id=\"b6d70ce\" data-element_type=\"widget\" data-widget_type=\"shortcode.default\">\n\t\t\t\t<div class=\"elementor-widget-container\">\n\t\t\t\t\t<div class=\"elementor-shortcode\"><div class=\"aiovg-player-container\" style=\"max-width: 100%;\"><div class=\"aiovg-player aiovg-player-iframe\" style=\"padding-bottom: 56.25%;\" data-id=\"1\" data-src=\"https:\/\/planejarservicos.com.br\/index.php\/player-embed\/id\/433\/?mp4=https%3A%2F%2Fplanejarservicos.com.br%2Fwp-content%2Fuploads%2F2022%2F08%2FTreinamento.mp4&amp;poster=https%3A%2F%2Fplanejarservicos.com.br%2Fwp-content%2Fuploads%2F2023%2F03%2FCONTRACHEQUE2.jpg&amp;current=0&amp;progress=0&amp;duration=0&amp;tracks=0&amp;quality=0&amp;speed=0&amp;volume=0&amp;fullscreen=0\"><iframe loading=\"lazy\" width=\"560\" height=\"315\" src=\"https:\/\/planejarservicos.com.br\/index.php\/player-embed\/id\/433\/?mp4=https%3A%2F%2Fplanejarservicos.com.br%2Fwp-content%2Fuploads%2F2022%2F08%2FTreinamento.mp4&amp;poster=https%3A%2F%2Fplanejarservicos.com.br%2Fwp-content%2Fuploads%2F2023%2F03%2FCONTRACHEQUE2.jpg&amp;current=0&amp;progress=0&amp;duration=0&amp;tracks=0&amp;quality=0&amp;speed=0&amp;volume=0&amp;fullscreen=0\" frameborder=\"0\" scrolling=\"no\" allow=\"accelerometer; autoplay; encrypted-media; gyroscope; picture-in-picture\" webkitallowfullscreen mozallowfullscreen allowfullscreen><\/iframe><\/div><\/div><\/div>\n\t\t\t\t<\/div>\n\t\t\t\t<\/div>\n\t\t\t\t\t<\/div>\n\t\t<\/div>\n\t\t\t\t\t\t\t<\/div>\n\t\t<\/section>\n\t\t\t\t\t\t\t<\/div>\n\t\t","protected":false},"excerpt":{"rendered":"<p>Emiss\u00e3o de contracheques ACESSAR O SISTEMA Caro colaborador, para consultar seu contracheque, voc\u00ea dever\u00e1 inserir o n\u00famero da sua matr\u00edcula no campo login, CPF no campo senha.\u00a0O n\u00famero da sua matr\u00edcula pode ser encontrado em seu crach\u00e1, na sua folha \/ registro de ponto ou com seu supervisor. Exemplo: Login: 6955585 |\u00a0Senha: 11226532698 Veja como [&hellip;]<\/p>\n","protected":false},"author":1,"featured_media":0,"parent":0,"menu_order":0,"comment_status":"closed","ping_status":"closed","template":"elementor_canvas","meta":{"_regular_price":[],"currency_symbol":[],"om_disable_all_campaigns":false,"_monsterinsights_skip_tracking":false,"_monsterinsights_sitenote_active":false,"_monsterinsights_sitenote_note":"","_monsterinsights_sitenote_category":0},"aioseo_notices":[],"post_slider_layout_featured_media_urls":{"thumbnail":"","post_slider_layout_landscape_large":"","post_slider_layout_portrait_large":"","post_slider_layout_square_large":"","post_slider_layout_landscape":"","post_slider_layout_portrait":"","post_slider_layout_square":"","full":""},"_links":{"self":[{"href":"https:\/\/planejarservicos.com.br\/index.php\/wp-json\/wp\/v2\/pages\/433"}],"collection":[{"href":"https:\/\/planejarservicos.com.br\/index.php\/wp-json\/wp\/v2\/pages"}],"about":[{"href":"https:\/\/planejarservicos.com.br\/index.php\/wp-json\/wp\/v2\/types\/page"}],"author":[{"embeddable":true,"href":"https:\/\/planejarservicos.com.br\/index.php\/wp-json\/wp\/v2\/users\/1"}],"replies":[{"embeddable":true,"href":"https:\/\/planejarservicos.com.br\/index.php\/wp-json\/wp\/v2\/comments?post=433"}],"version-history":[{"count":88,"href":"https:\/\/planejarservicos.com.br\/index.php\/wp-json\/wp\/v2\/pages\/433\/revisions"}],"predecessor-version":[{"id":1218,"href":"https:\/\/planejarservicos.com.br\/index.php\/wp-json\/wp\/v2\/pages\/433\/revisions\/1218"}],"wp:attachment":[{"href":"https:\/\/planejarservicos.com.br\/index.php\/wp-json\/wp\/v2\/media?parent=433"}],"curies":[{"name":"wp","href":"https:\/\/api.w.org\/{rel}","templated":true}]}}